 0 = -3*g + 11, 3*g + d - 13 = 0. Let v = 0 + 1. Calculate the greatest common factor of v and g.
1
Let a be ((-368)/12)/(2/(-3)). Let f = a + -14. Calculate the highest common factor of f and 8.
8
Suppose 11*m = 522 + 1128. What is the highest common factor of m and 30?
30
Let g(p) be the second derivative of -p**4/12 + p**3 + 13*p**2/2 - 4*p. Let q be g(9). Let v = q + 29. Calculate the greatest common divisor of 15 and v.
15
Suppose -3*c - l = 8 - 10, 0 = 5*c + 4*l - 1. What is the highest common factor of c and 4?
1
Let c be 2/(-1 + -3)*0. Suppose c = 3*g - 6*g + 78. Let n be (-1)/((-3)/(3*g)). What is the highest common divisor of n and 104?
26
Let g = 1 + 2. Suppose 2*l = -g*l + 315. What is the greatest common factor of l and 7?
7
Let w(h) = 20*h**2 + 5*h + 1. Let d be w(-2). Let f = -53 + d. What is the greatest common divisor of 18 and f?
18
Suppose -6*a + 4*a = 0. Suppose 2*t + 4*i - 12 = a, i = -4*t - 4*i + 15. Let v be t/(-2) + (60 - -5). What is the highest common divisor of 13 and v?
13
Let z(a) = -a**3 - 6*a**2 - 6*a - 5. Let u be z(-5). Suppose 12 + u = 3*j. Let c = 60 - 56. Calculate the greatest common divisor of j and c.
4
Let c(x) = 2*x**2 + 5*x - 3. Let j be c(-4). Let v = 14 - j. Suppose 3*w - 20 = -4*z, v*z - 7 = -3*w + 9. Calculate the greatest common divisor of w and 84.
12
Suppose 0 = -4*o + 10*o + 12. Let c be (112/32)/(o/(-12)). Calculate the highest common divisor of c and 189.
21
Let d be -6 + -1 + 4 + 147. What is the highest common divisor of 9 and d?
9
Let j be -10*(0 - 45/6). Let a(u) = u**3 + 7*u**2 + 3*u - 3. Let m be a(-6). Calculate the highest common factor of m and j.
15
Let i be -5*10/(-8)*4. Suppose -5*c = -2*c + 5*g + 34, 0 = 2*c - 3*g - 9. Let n be i + c + (-2 - -5). What is the greatest common factor of n and 5?
5
Let o = 514 + -455. What is the greatest common factor of 767 and o?
59
Suppose -2*u + 4*u = 4. Let q(d) = -8 + u + 11*d**2 + 12*d - d**3 + d. Let s be q(12). What is the highest common factor of s and 54?
6
Let o(r) = -r**2 + 12*r + 7. Let d be o(11). Let n = d - 8. Calculate the highest common divisor of n and 50.
10
Let d = 858 - 848. Calculate the greatest common divisor of d and 830.
10
Let q(p) = -68*p - 3. Let d be q(3). Let z = d + 345. Let s = -9 - -32. What is the highest common factor of s and z?
23
Suppose 0 = -0*l - 2*l. Suppose -r + 7 + 11 = l. Suppose r = 3*f + 6. Calculate the highest common divisor of f and 8.
4
Suppose -z + 21 = -0*z. Let l be z/28 + (-85)/(-4). Suppose -l + 166 = 3*n. What is the highest common divisor of 6 and n?
6
Let k(u) = -17*u - 25. Let i be k(-5). Suppose 3*h - 7*h = -60. Calculate the highest common factor of h and i.
15
Let a = 299 - 288. Suppose -2*k + 3*x = -0*k - 122, 4*x = -3*k + 166. Let n = -25 + k. What is the greatest common factor of a and n?
11
Let w(a) = -a**2 - 5*a + 4. Let l be w(-4). Let n = l - -52. Suppose -5*q + 65 = 5*k - n, -4*q + 8 = 0. Calculate the greatest common factor of k and 161.
23
Let u(x) = 11*x - 306. Let c be u(28). Suppose r = -w + 5*r - 14, -2*w = r - 8. What is the highest common divisor of c and w?
2
Suppose 0 = -5*i - 0*i + 455. Suppose -21 + i = 5*h. Suppose 2 = 5*o - 173. Calculate the greatest common divisor of h and o.
7
Let p be 0 + (2 - 0 - -12). Suppose h + 83*g = 87*g - 18, 0 = 4*h - 3*g + 7. What is the highest common divisor of p and h?
2
Let u be -4 + 6 + (13 - 5). What is the highest common divisor of u and 185?
5
Let u be 4/22 + (-1802)/(-374). Let o(w) = w**3 - 8*w**2 + 8*w - 7. Let f be o(5). Let v = f + 77. What is the greatest common divisor of v and u?
5
Let b(t) = 36*t + 46. Let k be b(14). Calculate the highest common factor of 22 and k.
22
Let p be 0/(-1 + -2 + 2). Suppose -5*t = 4*l - 0*t + 1300, p = 5*l - 4*t + 1584. Let h be l/(-18) - (-6)/27. What is the highest common divisor of 126 and h?
18
Let d be -12 + 1 - (-8 - 0) - -15. Calculate the greatest common factor of d and 852.
12
Suppose -16*z = -288 + 16. What is the greatest common divisor of z and 850?
17
Suppose 0 = 2*c + 2, -3*c - 2*c + 4 = 3*a. Suppose -9 = a*s, 5*t - 4*s - 96 = -14. Let b = t + -12. Calculate the highest common divisor of 18 and b.
2
Suppose 26*n + 615 = 1707. Let u = 2 - -3. Suppose u*w - 4*w = -4*l + 82, 0 = 4*l + 2*w - 80. Calculate the greatest common factor of n and l.
21
Suppose -3*t - t + 16 = 0. Suppose 218 = t*z - 14. Let q = z + -31. What is the highest common divisor of q and 9?
9
Let h(l) = -l**2 + 6*l + 4. Let g be h(5). Let m = -11 + g. Let v be 1 + 60 + 1 + m. What is the highest common factor of 15 and v?
15
Suppose -2*q - 253 = -71. Let j = 156 + q. Calculate the highest common divisor of j and 26.
13
Suppose 6*v = 3*v + 24. Calculate the greatest common divisor of v and 20.
4
Let s(j) = j + 24. Let g be s(-9). Suppose -g - 8 = -o. Suppose -o = -5*l + 2. What is the highest common divisor of l and 25?
5
Suppose -3280*z = -3285*z + 180. What is the highest common factor of z and 204?
12
Let h(t) = 2*t - 9. Let v be h(4). Let n = v + 1. Suppose -3*m = i - 67, -4*m + m - 2*i + 62 = n. Calculate the greatest common divisor of m and 24.
24
Suppose -2*u - 7 = 1. Let y(w) = 18*w**2 + w - 4. Let v be y(u). Let r be (4/10)/(7/v). What is the highest common factor of 40 and r?
8
Let r(z) = -z**2 + 9*z - 11. Let h be r(6). Let q = 8 - h. Suppose -2*a - 3*i - q + 3 = 0, 0 = -4*a - i + 14. Calculate the greatest common divisor of 4 and a.
4
Suppose 28 = -3*q + 46. Let h be 7/(-14) + 2 + 1/2. What is the highest common factor of h and q?
2
Let s = 613 - 181. What is the greatest common factor of s and 27?
27
Let o(t) = -32*t + 236. Let j be o(6). Calculate the greatest common factor of j and 462.
22
Let l be -1 + 2 - 84/(-7). Let w = 90 + -38. What is the highest common divisor of w and l?
13
Let t(p) = -3*p + 2. Let r be t(-2). Suppose r + 68 = 4*a. Let c(x) = 209*x. Let m be c(1). Calculate the highest common factor of a and m.
19
Let j be -33*(-4)/12*(-3 - -4). Let f be 2/4 + 175/2. Calculate the greatest common factor of j and f.
11
Let a(q) = q**2 + q - 202. Let b be a(17). Calculate the highest common divisor of b and 1404.
52
Let n(p) = 8*p**2 - 3*p + 4. Let w = -11 - -8. Let i be n(w). Let z be ((-34)/i)/(2/(-290)). Calculate the greatest common factor of 29 and z.
29
Let i(s) = -s**3 - 4*s**2 - 2*s - 8. Let n be i(-4). Suppose 2*f + 4*f - 216 = n. What is the greatest common divisor of f and 18?
18
Let n be 14 - 11 - (-2 - -1). Suppose -2*l = -n*a + 24, 2*a - 3*l = -6*l + 20. Calculate the highest common factor of 56 and a.
7
Let v be 0/(28/(-4)) - -63. Calculate the greatest common factor of 36 and v.
9
Let u(x) = x**2 + 14*x + 20. Let b be u(-14). Suppose 0*m - b = -m. Calculate the highest common factor of 220 and m.
20
Let f = 318 + -143. Let x be ((-13)/(195/(-250)))/(8/12). What is the highest common factor of f and x?
25
Suppose 0 = -2*i - 2*p + 36, 0*i = i - p - 22. Let x = -39 + i. Let z = -17 - x. What is the greatest common factor of 6 and z?
2
Let a(j) = 31*j - 59. Let d be a(2). What is the highest common divisor of d and 321?
3
Suppose 754 = 5*y + 94. Let i = y - -186. Let v be i/5 + 2/5. What is the highest common factor of v and 16?
16
Let u be 6/15*5 - 3. Let d(n) = 27*n**2. Let i be d(u). Calculate the highest common divisor of 297 and i.
27
Let a be 4 + (2 - -2) + 8. Let g be 1 + 16*11 + -1. What is the greatest common factor of g and a?
16
Let q be ((-20)/(-35))/4 + (-5484)/(-28). Calculate the highest common divisor of 84 and q.
28
Let z = -243 + 288. What is the highest common divisor of 18 and z?
9
Let y = 482 + -47. Calculate the greatest common divisor of y and 15.
15
Let l(k) = k + 8. Let n be l(-6). Suppose t - 3*y - 5 = 2*y, 0 = -n*t - y - 1. Suppose -5*w + 23 + 32 = t. Calculate the greatest common divisor of 33 and w.
11
Let r = 151 + -11. Suppose 2*z - 56 = z. What is the greatest common factor of z and r?
28
Let s = 4 - 3. Let m(t) = -t + 21. Let y be m(12). What is the highest common factor of s and y?
1
Let t = -252 + 345. What is the highest common divisor of 155 and t?
31
Let x = 495 - 479. What is the highest common factor of 168 and x?
8
Let o be 2 - 4/8 - (-495)/6. Calculate the greatest common divisor of o and 448.
28
Let t(l) = l**3 - 22*l**2 + 38*l + 4